{"id":49,"date":"2023-12-31T19:19:25","date_gmt":"2023-12-31T19:19:25","guid":{"rendered":"https:\/\/sodadic.com\/?page_id=49"},"modified":"2023-12-31T19:24:12","modified_gmt":"2023-12-31T19:24:12","slug":"mision","status":"publish","type":"page","link":"https:\/\/sodadic.com\/index.php\/mision\/","title":{"rendered":"MISI\u00d3N"},"content":{"rendered":"\n<h2 class=\"wp-block-heading\"><\/h2>\n\n\n\n<p>La Asociaci\u00f3n de Desplazados por el Conflicto Armado en Colombia por la Paz: <strong>SODADIC<\/strong>, es una instituci\u00f3n creada sin \u00e1nimo de lucro, del sector solidario, que naci\u00f3 como respuesta a las dificultades que se le generan a la Poblaci\u00f3n en Situaci\u00f3n de Desplazamiento Forzoso, debido al conflicto interno armado que se vive en nuestro pa\u00eds.<\/p>\n\n\n\n<p><strong>Nuestra Misi\u00f3n<\/strong> est\u00e1 enfocada en contribuir a&nbsp; mejorar la calidad de vida de cada individuo, familia y comunidad desplazada, trabajando de manera incansable en la b\u00fasqueda de soluciones definitivas con el apoyo de entidades de todo tipo, creando espacios de participaci\u00f3n ciudadana, con programas espec\u00edficos para el desarrollo de actividades que fomenten patrones de comportamiento positivos y disminuir de esta forma la incidencia de conductas sociales, como: el hacinamiento, la drogadicci\u00f3n, el alcoholismo y la violencia.<\/p>\n\n\n\n<p>Mediante mecanismos de coordinaci\u00f3n, cooperaci\u00f3n y concertaci\u00f3n con entidades estatales y privadas, buscaremos permanentemente soluciones de vivienda, orientaci\u00f3n y apoyo para implementar proyectos productivos, en procura de que un gran n\u00famero de estas familias regresen a sus lugares de origen o se incorporen al \u00e1mbito urbano sin mayores traumatismos.<\/p>\n","protected":false},"excerpt":{"rendered":"<p>La Asociaci\u00f3n de Desplazados por el Conflicto Armado en Colombia por la Paz: SODADIC, es una instituci\u00f3n creada sin \u00e1nimo [&hellip;]<\/p>\n","protected":false},"author":1,"featured_media":0,"parent":0,"menu_order":0,"comment_status":"closed","ping_status":"closed","template":"","meta":{"site-sidebar-layout":"default","site-content-layout":"","ast-site-content-layout":"default","site-content-style":"default","site-sidebar-style":"default","ast-global-header-display":"","ast-banner-title-visibility":"","ast-main-header-display":"","ast-hfb-above-header-display":"","ast-hfb-below-header-display":"","ast-hfb-mobile-header-display":"","site-post-title":"","ast-breadcrumbs-content":"","ast-featured-img":"","footer-sml-layout":"","ast-disable-related-posts":"","theme-transparent-header-meta":"","adv-header-id-meta":"","stick-header-meta":"","header-above-stick-meta":"","header-main-stick-meta":"","header-below-stick-meta":"","astra-migrate-meta-layouts":"default","ast-page-background-enabled":"default","ast-page-background-meta":{"desktop":{"background-color":"var(--ast-global-color-4)","background-image":"","background-repeat":"repeat","background-position":"center center","background-size":"auto","background-attachment":"scroll","background-type":"","background-media":"","overlay-type":"","overlay-color":"","overlay-opacity":"","overlay-gradient":""},"tablet":{"background-color":"","background-image":"","background-repeat":"repeat","background-position":"center center","background-size":"auto","background-attachment":"scroll","background-type":"","background-media":"","overlay-type":"","overlay-color":"","overlay-opacity":"","overlay-gradient":""},"mobile":{"background-color":"","background-image":"","background-repeat":"repeat","background-position":"center center","background-size":"auto","background-attachment":"scroll","background-type":"","background-media":"","overlay-type":"","overlay-color":"","overlay-opacity":"","overlay-gradient":""}},"ast-content-background-meta":{"desktop":{"background-color":"var(--ast-global-color-5)","background-image":"","background-repeat":"repeat","background-position":"center center","background-size":"auto","background-attachment":"scroll","background-type":"","background-media":"","overlay-type":"","overlay-color":"","overlay-opacity":"","overlay-gradient":""},"tablet":{"background-color":"var(--ast-global-color-5)","background-image":"","background-repeat":"repeat","background-position":"center center","background-size":"auto","background-attachment":"scroll","background-type":"","background-media":"","overlay-type":"","overlay-color":"","overlay-opacity":"","overlay-gradient":""},"mobile":{"background-color":"var(--ast-global-color-5)","background-image":"","background-repeat":"repeat","background-position":"center center","background-size":"auto","background-attachment":"scroll","background-type":"","background-media":"","overlay-type":"","overlay-color":"","overlay-opacity":"","overlay-gradient":""}},"footnotes":""},"class_list":["post-49","page","type-page","status-publish","hentry"],"_links":{"self":[{"href":"https:\/\/sodadic.com\/index.php\/wp-json\/wp\/v2\/pages\/49","targetHints":{"allow":["GET"]}}],"collection":[{"href":"https:\/\/sodadic.com\/index.php\/wp-json\/wp\/v2\/pages"}],"about":[{"href":"https:\/\/sodadic.com\/index.php\/wp-json\/wp\/v2\/types\/page"}],"author":[{"embeddable":true,"href":"https:\/\/sodadic.com\/index.php\/wp-json\/wp\/v2\/users\/1"}],"replies":[{"embeddable":true,"href":"https:\/\/sodadic.com\/index.php\/wp-json\/wp\/v2\/comments?post=49"}],"version-history":[{"count":5,"href":"https:\/\/sodadic.com\/index.php\/wp-json\/wp\/v2\/pages\/49\/revisions"}],"predecessor-version":[{"id":56,"href":"https:\/\/sodadic.com\/index.php\/wp-json\/wp\/v2\/pages\/49\/revisions\/56"}],"wp:attachment":[{"href":"https:\/\/sodadic.com\/index.php\/wp-json\/wp\/v2\/media?parent=49"}],"curies":[{"name":"wp","href":"https:\/\/api.w.org\/{rel}","templated":true}]}}